 the value of -1 + 11 - (-336 + 342)?
4
Evaluate (7 - -1 - (-112 + 136)) + (9 - 2).
-9
What is 35 + -4 + -61 - -15?
-15
-248 - -277 - (41 - 4)
-8
Calculate -209 + 216 - (9 - 0).
-2
Evaluate (-56 - -5) + (42 - 17) + -10.
-36
Evaluate 6 + (-1 - (1 + -1) - (64 + -60)).
1
Evaluate 8 - ((-8 - -6) + 0 + -6).
16
Calculate 3 + 0 + 14 - 27.
-10
Calculate (-40 - -35) + (3 + 8 - 3).
3
Calculate (0 - 3) + 0 + 0 + -134 + 126.
-11
Evaluate -13 - (-27 - -14 - -2).
-2
What is -5 + 9 + (-2 - -2) + 3 + -7?
0
Calculate -31 - -38 - ((18 - 2) + 0).
-9
What is the value of (1 - 2 - 3) + -104 + 105?
-3
10 - 33 - 11 - (4 - (-6 - -6))
-38
What is the value of 2 + 24 + 237 + -250?
13
What is the value of -15 + (2 - 1) + (3 - 4)?
-15
Calculate (6 + -3 - 5) + (-63 - -49).
-16
Calculate (-2 - (-8 + (-12 - 0))) + -1.
17
What is (8 + -25 - 8) + -1 - 1 - -5?
-22
Calculate 26 + -3 - (44 + -14).
-7
Calculate -6 + 1 - 8 - (-66 + 79).
-26
4 - -7 - (2 - (-5 + 8 + 1))
13
What is -3 - (-1 + 5 - (3 - 0))?
-4
35 + -65 + 23 + (3 - -33)
29
What is the value of -6 + 5 + (-10 + 4 + -4 - -7)?
-4
1 + (1 - (4 - 0)) - (-7479 + 7478)
-1
What is the value of (0 - -10) + (0 + -2 + -33 - -7)?
-18
Calculate (-6 - (5 - 8)) + -5 + -10.
-18
-12 - ((0 - -7 - -3) + -42)
20
Calculate -213 + 220 - (-2 - -4).
5
-6 + 3 - -25 - 2 - (-12 - -20)
12
Calculate 25 + -3 - (-159 - -171).
10
Calculate (5 - (-4 + 1 - -12)) + 4 + 13.
13
What is 1 + (4 - (-17 + (6 - 3 - 2)))?
21
What is the value of (-9 - -18 - (44 - (8 + 0))) + -1?
-28
What is -6 + (-5 - -3) - 3 - (-4 - 1)?
-6
What is the value of -53 - -46 - (-10 - 1)?
4
Evaluate (837 - 845) + (-12 - -1).
-19
What is -5 - (2 + -4 + 7 + -5)?
-5
Calculate -9 + (2 - -2) - (15 - 25).
5
What is -1 - 5 - (15 - (-10 + 30 + -9))?
-10
35 + -33 + (-32 - -27) + 0 + -4
-7
Evaluate 2 - ((111 - 68) + (-13 - -2)).
-30
What is the value of 5 + (-2 - -4) + -11?
-4
-19 + -12 + 7 - (-6 - (3 + 0))
-15
(8 - 3) + -5 + 4 + 1 - -4
9
Evaluate 7 - (0 - (13 - 5) - 2 - -2).
15
What is -24 + (13 - (19 + -35))?
5
What is 2 - -13 - (4 + 19 + 14)?
-22
What is the value of (8 - 8 - -5) + -9?
-4
What is -4 + 6 + -10 - (-7 + (2 - 2))?
-1
-7 + -7 + -7 + 11 + 0 + 2
-8
3 + (16 - (-33 + 45))
7
-30 + 7 - -10 - 2 - (-2 - -2)
-15
Evaluate (1 + (-9 - -21) - 12) + -24.
-23
1 - (17 + -1) - (52 + -42)
-25
Calculate -10 + -19 + (7 - 0) - -16.
-6
Evaluate 2 + 3 + (-33 + 52 - (-1 - -11)).
14
Calculate (-2 - -16) + (-14 - -4) - 4 - -22.
22
Evaluate (-12 - (9 - 5)) + 21 + -32.
-27
What is the value of 17 - (15 + -19 + 18)?
3
-6 + 4 - 3 - (-16 - (-4 + -4))
3
Calculate (31 + 8 - 7) + (2 - (-7 - -18)).
23
What is the value of 5 + (0 - (-6 - -2)) + -3?
6
-14 - -26 - (-2 - -6)
8
What is 7 + -35 + 9 + 35?
16
Evaluate (6 - 7 - -14) + -9 + (6 - 0).
10
Calculate 7 + (8 + -3 - (4 - 1)).
9
What is -23 - -1 - -1 - (-100 + 86 - -13)?
-20
What is -2 + 0 + (-4 - (21 + -12)) - -4?
-11
-1 + -34 + 11 + (15 - 19) - -9
-19
What is the value of (3 - (0 - (2 + -5))) + (-69 - -85)?
16
Evaluate -31 - (-64 + -7 + 16).
24
What is the value of 32 - 14 - -7 - (5 + 2)?
18
What is (-16 - (-11 + 3 + -59)) + -13?
38
Calculate 7 - (2 + -7 - 0) - 30.
-18
5 - (2 + (-11 - (9 + -48)) + 9)
-34
What is (330 - 355) + 2 + 8?
-15
Evaluate (-2 - (1 + -40)) + -15 + -2 + 6.
26
Evaluate 25 + (20 - 17 - 14).
14
What is (291 - 260) + (1 - 4 - 4)?
24
What is 115 + -95 - (-2 + 25)?
-3
What is the value of (-3 - -2) + 8 - (89 + -95)?
13
What is 0 - (-1 - -3) - -13 - (47 + -54)?
18
What is -5 + 8 - 4 - (-3 - (5 + -3))?
4
Calculate (12 - -4 - (2 - -1)) + -4 + -1.
8
What is the value of (-353 - -329) + (3 + -3 - -5)?
-19
What is -3 + (-10 - (-2 + -3)) + 4?
-4
What is the value of 28 + (-5 + 9 - 12) + -5?
15
(0 - (2 + 6 + 1)) + (-40 - -43)
-6
3 + 2 + (-8 + 18 - 20)
-5
Calculate 10 + -1 + 3 + -24.
-12
Calculate (37 - -31 - 55) + -1 + -27.
-15
1 - (-8 - 1) - (-48 + 51)
7
Calculate -16 - (-13 + 2) - (-10 - -3).
2
(6 + -4 - (-1 + -2)) + -19
-14
Calculate (-16 - 13) + 13 - -33.
17
What is -11 - -3 - ((4 - 25) + 5 + 0)?
8
Calculate -12 - (-3 + -1 + (0 - -18 - 16)).
-10
What is (-8 - -6) + -15 + 17 + 2?
2
What is the value of 1 + -25 + -1 - (-2467 + 2471)?
-29
What is -4 + (6 - (-7 - -13))?
-4
-9 - (0 + -24) - (1 - 2 - -9)
7
(6 - 3) + -13 - 1
-11
What is 4 + 10 - 0 - (-1 + 4)?
11
What is the value of 10 - ((5 + 6 - 21) + 4)?
16
What is 22 + -12 + (-1 - 3)?
6
What is (-2 - 5) + (10 - (12 + -9))?
0
What is the value of 0 + 1 + (8 - (15 - (-8 - -7)))?
-7
-20 + 5 + 23 + 6
14
What is the value of (1 - -3) + (-3 - 0 - (-48 - -36))?
13
Evaluate 0 - (-18 + 10) - 3.
5
(-11 + -5 - -6) + (45 - (-6 - -4))
37
5 - -1 - (54 + -51) - 25
-22
Calculate -72 + 37 - ((2 - 14) + 4 + -1).
-26
What is (2 - 1) + (-91 - -84)?
-6
Evaluate 8 + 11 + (-18 - -3 - -8).
12
What is the value of (24 + 20 - 8) + -11?
25
Calculate -6 - (-169 + 189 + (-2 - 0)).
-24
-3 + (7 - (14 - 19))
9
Calculate 1 - (-2 - (-5 + 0) - 6 - -8).
-4
What is -34 - -10 - -2 - -27?
5
-1238 + 1244 + (1 - 2 - 7)
-2
Calculate 21 - ((11 - 22) + 14 - -11).
7
What is 32 + -48 - (-1 - 1)?
-14
(-14 - (-13 + -16)) + -7
8
Calculate (-867 + 862 - (-12 + -2 + -2)) + -38.
-27
-22 + 36 + 20 + -16
18
27 - (-10 + 20 - -21)
-4
What is the value of 21 + -29 - (-5 - (0 - 3))?
-6
What is 4 - -9 - (3 + -3 + -5)?
18
Evaluate 24 - (15 + 14 + -28).
23
What is -7 - (19 + 16 - 16)?
-26
What is the value of -9 + 4 + 10 - (-17 + 12)?
10
Calculate 45 - 22 - 4 - 28.
-9
Calculate 26 + 1 - (0 + (-14 - -14) + 6).
21
-16 + 13 + 12 + -27
-18
Calculate -217 - -232 - (-1 - (1 - -5)).
22
Evaluate 15 + -1 + -6 + -6 + (-6 - 12).
-16
What is the value of -3 + (4 - -13 - 2) - (10 + -4)?
6
Evaluate (6 - ((16 - -6) + 1)) + 9.
-8
What is -4 - (4 - (-5 - -12)) - -10?
9
What is the value of 6 - 1 - (-2 + -2 + 4 + 22)?
-17
What is the value of (-164 - -156) + -2 + 0?
-10
What is -7 + -4 + 14 + (-11 - -5) + -9?
-12
What is the value of (0 - -5) + (10 - (-5 - -22))?
-2
Calculate 3 - 3 - (213 + -217).
4
Calculate -17 + 14 + -6 - (-28 + 6).
13
Calculate -23 - (-2 + (1 + 7 - 10) + -4).
-15
-1 + 1 + 6 + -8 - 7 - -27
18
Calculate -8 + (-9 - (-8 + (-1 - 6))).
-2
17 - (-1 - (-17 + 16) - 9)
26
Calculate -116 + 120 + (0 - (0 - (3 + -15))).
-8
Evaluate 3 + -20 + 11 + (7 - 1) - 9.
-9
What is 55 + -56 + (-6 - (0 - -1))?
-8
What is the value of 6 + -16 + 18 + -14?
-6
2 + 0 + 0 - (-365 + 360)
7
What is the value of (0 - 0) + 1 + -4 + -13 + -1?
-17
Calculate (-1 - -1) + 2 + -1119 + 1094.
-23
What is the value of 4 - (31 - ((2 - -13) + 1))?
-11
5 + (-8 - (-3 - -4)) + -10 - -6
-8
-1 + 4 + -2 - -28 - (-154 + 162)
21
Calculate -6 + -1 + (-1 - -7).
-1
-16 + 10 - (-6 + -2)
2
Evaluate 2 + (-8 - -14) - ((1 - 0) + -4).
11
What is (-12 - -5) + -7 - -4?
-10
Evaluate 3 + (14 - (23 - 8) - (-1 + 3)).
0
What is -11 + -2 + 6 + -10 + 4?
-13
What is the value of 2 + 9 + -7 + 9 + -3 + -1?
9
Calculate 5 - 5 - -5 - (2 + 18 + -15).
0
Evaluate 0 + -10 - (-94 - -61).
23
Calculate (22 - 1) + (-5 - 7).
9
2 - (5 - 0 - ((-14 - -6) + 6))
-5
Calculate (14 - (-9 + (17 - 1))) + -5.
2
72 - 35 - 37 - -30
30
Calculate -18 + 0 + 13 + -4.
-9
Evaluate 8 + -28 + (7 - 3) + -5.
-21
What is the value of -21 + 18 + -12 + 14?
-1
-7 - (20 + -13 + -2 - (1 - -3))
-8
Calculate (-30 - -20) + (9 - 1 - 0).
-2
Evaluate 1 - (2 + 1 + (-3 + -2 - -7)).
-4
Evaluate 4 + 4 - (2 - 9 - (5 - 4)).
16
Evaluate -33 - (-13 + (7 - 12)).
-15
Evaluate 10 + 5 - (99 - 78).
-6
Calculate 4 + (5 + (-4 - 3) - -2).
4
Evaluate (19 + -6 - 6) + 15 + -21 - 37.
-36
Calculate (-1 + 4 + -7 - -11) + (-15 - 7).
-15
Evaluate -15 + 8 - ((-4 + -26 - -4) + -1).
20
What is 19 + -40 + 14 - ((2 - 0) + 7)?
-16
What is the value of -3 - (8 - 0 - (5 + 5 - -5))?
4
Evaluate (11 - (1 - -2)) + 19 + -28 + 12.
11
(24 + -12 + -13 - (-12 + -1)) + 9
21
Calculate 12 + -2 + 3 + -27.
-14
Evaluate (-9 - -4 - -9) + (-8 - -1).
-3
Evaluate -33 + 20 + 18 + 9.
14
Calculate 23 + (7 - (17 + 0) - -4).
17
What is the value of -1 - 7 - ((-12 - -5) + 1)?
-2
1 + 8 + 2 + -20
-9
Evaluate -14 - (0 + 4 - ((22 - 15) + -8)).
-19
What is -13 + -1 + -28 + 16?
-26
(-5 - -2) + 1 - ((-43 - -36) + 18)
-13
What is -16 - (-35 + (3 - -14))?
2
Evaluate 3 + 27 - (7 + 7).
16
Calculate (8 - 17 - -34) + -16.
9
What is the value of (24 - 1 - 2) + -15?
6
Calculate -1 + -4 + (7 - 12) + -2.
-12
What is (4 - -7) + -5 - 17?
-11
What is t